t w(q) be the second derivative of q**4/12 + 2*q**3/3 - q**2/2 - q. Determine w(m).
-1
Let t(z) be the second derivative of 0 - 3/2*z**2 + 5/12*z**4 + 1/20*z**5 + 2/3*z**3 - 4*z. Calculate t(-4).
-3
Let z(d) be the third derivative of d**5/60 - 5*d**4/24 - d**2. Let k be z(4). Let b(p) = 0 + p**2 + 4*p - 5 + 0*p**2. Determine b(k).
-5
Let f(q) = 3*q**2 + q + 3. Let m be (2/(-2))/((-1)/3). Let x(c) = -1 - 1 - 1 - m*c**2. Let j(s) = 4*f(s) + 3*x(s). Give j(-2).
7
Let l(r) = -r**3 + r**2 - 1. Let v be (5 - 2) + (-12)/(-3). Suppose -v + 2 = 5*f. Give l(f).
1
Let s(k) = k**2 - 3*k + 1. Suppose 27 - 2 = 5*y. Suppose 4*h = y*l + h, h = -2*l - 11. Let v be l/6 - (-9)/2. What is s(v)?
5
Suppose -n - 5*f - 18 = 0, 2*n + 0*f - 5*f - 24 = 0. Let r(w) = w**2. Let v be r(0). Let d(b) = -b**n + 0 + 1 + 6*b**3 - 4*b**3 + v*b**2. Determine d(1).
2
Let r(i) be the first derivative of -i**2/2 - i + 1. Let a(u) = 7*u + 1. Let m(x) = a(x) + 2*r(x). Suppose 2*f + 2 = 4*f. What is m(f)?
4
Let j(m) = -m**2 - 2 + 0 + 3 + 5*m. Let f be ((-4)/(-2))/(9/18). What is j(f)?
5
Let s(p) = -3*p + 8*p**3 - 6*p**2 + 6*p**2 + 2*p. Give s(1).
7
Let a(n) = -6*n**3 - n**2 - n - 1. Let g = 74 + -75. Calculate a(g).
5
Let h = 4 - 14. Let g be 1/(-5) - 42/h. Let n(x) = -2*x + 3. Give n(g).
-5
Let h(u) = -u**3 - 6*u**2 - 4*u + 3. Let c(w) = -81*w**3 - w - 1. Let j be c(-1). Let y be (-9 + 0)/(-3) - 18. Let p be j/y + 4/10. What is h(p)?
-2
Let s(j) = 5*j**2 - j. Let q be 15/12 - (-4)/(-16). Calculate s(q).
4
Suppose 11 = 15*r - 4. Let v(l) = -8*l. Determine v(r).
-8
Let t be (-3)/(0 - 3/(-2)) - -4. Let w(f) = 4*f**3 - 3*f**2 + f - 1. Determine w(t).
21
Let z(r) = 3*r**2 + r - 1. Let u be (-158)/18 + (-6)/27. Let i be (3/u)/((-3)/9). What is z(i)?
3
Let f(q) be the first derivative of q**5/60 + q**4/8 + q**3/6 + 2*q**2 - 2. Let n(w) be the second derivative of f(w). Determine n(-3).
1
Let c = 64 + -70. Let z(v) = -2*v + 8. What is z(c)?
20
Let d be 12/1*(-4)/8. Let n be (-16 - 2)*d/18. Let j(p) = p**3 - 7*p**2 + 5*p + 4. Calculate j(n).
-2
Suppose -12 = -5*z - 2. Let g(j) = 2 - j + z*j + 0*j. Determine g(3).
5
Let o(y) = -y**2 - 6*y + 2. Suppose -4 = 4*m + 8. Let w be 12*(m + 6)/(-6). Determine o(w).
2
Let n(i) be the first derivative of -4*i**2 + i + 18. Suppose -2*r = -4*w - 18, r + 6 + 5 = -3*w. Calculate n(r).
-7
Let n(y) = -y**3 + 8*y**2 + y - 8. Let z be n(8). Suppose 0 = -5*m - z*m. Let h(p) = -p - 9. Calculate h(m).
-9
Let g = 16 + -11. Suppose 0*l - g*l = 0. Let i(c) = c**2 + 0*c**2 - 3 - 2*c + l. What is i(-2)?
5
Let j(t) = t**3 - 2*t**2 - 3*t - 2. Suppose 3*p - 3 = -5*f, -7 + 0 = -5*f - 2*p. Determine j(f).
-2
Let t(k) = -k + 1. Let v(x) = -5*x + 4. Let f(d) = -6*t(d) + v(d). Suppose 3*c - 26 = -4*y + c, 0 = -4*y - 5*c + 23. Give f(y).
5
Let b(l) = 5*l**2 + l. Let v(j) = j**2 - j + 1. Let i be v(0). Calculate b(i).
6
Let v(k) = -k**2 + 5*k + 2. Suppose -4 + 33 = 4*z - 3*f, -5*z = 4*f - 13. What is v(z)?
2
Let h(u) = u - 5. Let g be h(7). Let t(o) be the first derivative of 1/3*o**3 + 0*o**g + 1 + 0*o. Give t(-1).
1
Let a(r) = 3*r - 4. Let d be a(3). Let c(l) be the second derivative of l**5/20 - l**4/3 - 7*l**3/6 + 3*l**2/2 + 19*l. Give c(d).
-7
Let q(s) be the first derivative of -s**5/60 - s**4/4 + 2*s**3/3 + 7*s**2/2 - 4. Let u(b) be the second derivative of q(b). Calculate u(-6).
4
Let k(o) be the third derivative of -o**4/24 - 5*o**3/3 - 2*o**2. Let i be k(-8). Let v(w) = -w**2 - 3*w - 1. Give v(i).
1
Let q(i) = i**3 + 2*i**2 - 4. Let n be q(-2). Let h(m) = m**2 + 6*m + 2. What is h(n)?
-6
Let b(t) be the second derivative of t**4/12 + t**3/3 - t**2/2 - 2*t. Let s = -21 + 17. What is b(s)?
7
Suppose 0*i + 2*i = 0. Suppose 2*z - k + i*k - 3 = 0, k = 5. Let v(b) = 6 - b - 1 + 2 + 0. Give v(z).
3
Let s(x) = -x**2 - 2*x - 1. Let d be s(-3). Let j(h) = h - 2. What is j(d)?
-6
Suppose 0 = -2*t + 2, 6*w - w = -3*t + 18. Let n(f) = 9*f**3 + f - 2*f**w + 2*f**3 + 3*f**3. Give n(-1).
-13
Let z(m) be the third derivative of -1/60*m**5 + 0*m + 7/24*m**4 + 0 - m**2 - 5/6*m**3. Give z(4).
7
Let q(s) = -3 + s + 3*s + 0 + 1 - s**2. Calculate q(5).
-7
Let l(r) = -10*r + 1. Let b = 93 - 92. Calculate l(b).
-9
Let t(w) be the first derivative of -w**4/4 - 2*w**3 - 5*w**2/2 + 3*w - 2. Let j be t(-5). Let s(y) = j + y - 5 + 1. Determine s(1).
0
Let z(a) be the second derivative of -a**4/12 + a**3/6 + 7*a**2/2 - 7*a. What is z(0)?
7
Let h(r) = r**2 - 2. Suppose -7 = -4*s - u, 6 - 1 = s - 3*u. Determine h(s).
2
Let l(v) = -7*v + 5*v**2 + 42*v**3 - 41*v**3 - 1 + 0. Give l(-6).
5
Let g(l) = -l**3 - 3*l**2 + 4*l + 5. Suppose 5*h - h + 4 = 4*d, -3*d = 9. Determine g(h).
5
Let l = 10 + -5. Suppose 3*w - 5 = l*k, 4*k + 5*w = -4 - 0. Let y(m) = -9*m**3 - m**2 + m + 1. Give y(k).
8
Let m(x) be the third derivative of x**6/720 - x**5/24 - 5*x**4/24 - 3*x**2. Let u(g) be the second derivative of m(g). Determine u(0).
-5
Let v(s) be the first derivative of s**4/4 - 5*s**3/3 + 3*s**2 - 5*s + 4. Calculate v(4).
3
Let o = -7 + 10. Let a(c) = 2*c**2 + 2*c**3 + 2*c - 3*c + o*c. What is a(-2)?
-12
Suppose 0 = -10*n + 5*n - 10. Let u(z) = -z**3 - 4*z**2 - z + 1. What is u(n)?
-5
Let v(y) = -y - 1. Let c(k) = 6*k + 6. Let l(w) = -2*c(w) - 11*v(w). Let g(d) = -d - 2*d**2 - 4 - 4*d + d**2 - 2*d. Let s(m) = -g(m) + 6*l(m). Calculate s(2).
4
Let r(w) = -2*w + 9. Suppose 0*n - 4 = g + 5*n, 0 = n + 2. Calculate r(g).
-3
Let i(q) = q**2 - 3*q + 1. Suppose -2*c + 33 = 3*d - 8*d, 21 = 4*c - d. Suppose -2*l + 1 = -3*m, -2*m - 2*l = -l - c. Let u be (m*(2 + 2))/1. Calculate i(u).
5
Let m(c) = -2*c**3 - 3*c**2 + 7*c + 1. Let o(n) = -n**3 - n**2 + 3*n. Let t(a) = -6*m(a) + 13*o(a). What is t(5)?
-21
Let v(d) = -2 - 2*d + d - d + d**2. Suppose 0 = -x - c + 6, 0*x = 2*x - 2*c. Give v(x).
1
Let j(c) = -2*c + 3. Let r(v) = -8*v + 13. Let w(y) = 9*j(y) - 2*r(y). Let f be 1 + (1 - 2 - 0). Suppose f = -u - 0 + 1. Determine w(u).
-1
Let l(z) be the third derivative of -z**6/120 + 11*z**5/60 + 13*z**4/24 - 2*z**3 + 25*z**2. Give l(12).
0
Let m(y) = y**3. Let v = 6 - 3. Let a = -13 + 8. Let p = v + a. Calculate m(p).
-8
Let s = -4 + 2. Let v(g) = 2 - 2*g - g + 0. Calculate v(s).
8
Let s = 79 + -85. Let k(t) be the second derivative of -t**5/20 - 5*t**4/12 + 4*t**3/3 + 7*t**2/2 + t. Determine k(s).
-5
Let m(p) = -2*p**3 - 3*p - 2*p**2 + p**3 + 5*p**2. Let h(r) = r**2 - 10*r + 12. Let l be h(9). Determine m(l).
-9
Let k(y) = 2*y**3 - y + 2. Let i be 4/(-3)*-6*6/24. Calculate k(i).
16
Let b(t) = t + 4. Suppose -6*u + 14 = -8*u. Calculate b(u).
-3
Let w(b) = -5*b - 1. Let i be w(1). Let g = -6 - i. Let r(h) = -h**2 + h - 4. Give r(g).
-4
Let n(x) be the second derivative of 0 + 1/20*x**5 + 5/12*x**4 + 1/2*x**3 - x + 0*x**2. Calculate n(-4).
4
Let n(p) = 61*p + 61*p - 114*p + 1 + 4 - p**3 + 7*p**2. Determine n(8).
5
Let r(s) = -1 + 4 - s - 2*s**2 - 3 + 1. Let v be (-2)/9 + 11/9. Give r(v).
-2
Suppose j = 3 - 0. Suppose -3*f + 5 = u, 5*f + 4 - 3 = -4*u. Let y(i) = -2 - 4*i + f*i + 2*i. Determine y(j).
1
Let b(r) be the first derivative of -r**4/2 + 2*r**3/3 + r - 20. Suppose -3*u + 18 = 4*p + 2*u, 3*u = 2*p + 2. Calculate b(p).
-7
Let y(x) be the third derivative of 0*x + x**2 + 0 - 1/24*x**4 + 7/6*x**3. Determine y(4).
3
Let w(u) be the third derivative of u**4/24 + u**3/3 + 8*u**2. Calculate w(-5).
-3
Let n(w) be the first derivative of w**3/3 - w**2/2 + 2*w + 1. Let v(r) = r**2 + 3*r + 2. Let c be v(-3). Suppose 0 = d - c*d. What is n(d)?
2
Let n be (-50)/(-14) - 40/70. Let l(g) be the second derivative of -g**5/20 + g**4/4 + g**2/2 + 2*g. Calculate l(n).
1
Let r = 15 + -21. Let x(s) = -s**3 - 5*s**2 + 6*s + 6. Give x(r).
6
Let v(a) = -a**3 + a**2 + a + 5. Let t = 3 - 0. Suppose b - 4 = 2*q + 2*q, t*b = 12. Give v(q).
5
Let b(y) = -y**3 - 4*y**2 + y + 11. Let q be b(-3). Let n(z) = 2*z + 1. Give n(q).
-1
Suppose 3*u - 5 = -4*a, 0 = -5*u - 3 - 2. Let z(l) = 2*l - 4 + 0*l**3 - l**3 + 3 - l**a. Suppose 2*o + 3*t + 11 = o, -4*o = t + 11. Calculate z(o).
-1
Let m be (-12)/(1 - (-10)/(-4)). Let l be (m/(-6))/((-4)/12). Let t(a) = -a**3 + 4*a**2 - 2. Calculate t(l).
-2
Let s(v) be the first derivative of v**2 - 9*v + 3. Suppose -5*d = u - 30, -24 = -4*d + 4*u - u. Give s(d).
3
Let f(v) be the third derivative of 0 + 3*v**2 + 0*v + 0*v**3 + 